highest common divisor of 344 and 2004488.
344
What is the highest common divisor of 169 and 9043?
1
What is the greatest common factor of 9150 and 1050?
150
What is the greatest common factor of 560 and 581?
7
Calculate the greatest common factor of 1967 and 7.
7
What is the highest common factor of 2322 and 3051?
27
What is the greatest common divisor of 203 and 50721?
29
What is the highest common divisor of 20449 and 363?
121
What is the greatest common divisor of 1480 and 324?
4
What is the highest common factor of 235671 and 204?
51
What is the greatest common divisor of 1719 and 196921?
191
Calculate the greatest common factor of 12987 and 11232.
351
What is the greatest common divisor of 27 and 194526?
9
Calculate the greatest common factor of 357998 and 76.
38
Calculate the highest common factor of 14 and 35371.
7
Calculate the highest common divisor of 272 and 84932.
68
Calculate the highest common divisor of 1740 and 7047.
87
What is the greatest common factor of 741 and 3952?
247
Calculate the greatest common divisor of 60 and 6564.
12
Calculate the highest common divisor of 1079 and 56069.
13
Calculate the highest common divisor of 66 and 291082.
22
Calculate the greatest common factor of 120191 and 526.
263
What is the greatest common divisor of 313485 and 1605?
15
What is the highest common factor of 2255 and 158675?
55
Calculate the greatest common factor of 3501 and 2723.
389
Calculate the highest common divisor of 480665 and 10040.
1255
What is the highest common factor of 46208 and 19?
19
Calculate the greatest common factor of 12 and 180204.
12
Calculate the greatest common divisor of 22400 and 10500.
700
Calculate the greatest common factor of 4060 and 7364.
28
What is the greatest common divisor of 240 and 9312?
48
What is the greatest common factor of 150 and 293925?
75
What is the greatest common divisor of 116720 and 560?
80
Calculate the greatest common divisor of 561 and 361097.
187
Calculate the highest common factor of 56 and 10584.
56
What is the greatest common divisor of 5746 and 6290?
34
What is the greatest common factor of 14 and 11432582?
14
What is the highest common factor of 477 and 1191?
3
Calculate the greatest common factor of 660 and 138270.
330
Calculate the highest common divisor of 12524 and 5252.
404
Calculate the highest common divisor of 25 and 678475.
25
Calculate the greatest common divisor of 1400 and 68880.
280
What is the highest common divisor of 20984 and 128?
8
Calculate the highest common factor of 6008 and 1944.
8
What is the greatest common factor of 237 and 377383?
79
Calculate the highest common factor of 723 and 10363.
241
What is the highest common divisor of 17 and 27965?
17
What is the greatest common divisor of 37444 and 14444?
92
What is the greatest common factor of 678 and 63506?
226
Calculate the greatest common divisor of 178 and 2848.
178
Calculate the highest common factor of 98 and 189.
7
Calculate the greatest common divisor of 540610 and 980.
70
What is the greatest common divisor of 421857 and 513?
171
What is the highest common factor of 3968877 and 33?
33
Calculate the greatest common divisor of 26 and 1414673.
13
Calculate the greatest common factor of 920 and 184.
184
Calculate the highest common divisor of 71736 and 672.
168
Calculate the greatest common factor of 179530 and 20.
10
Calculate the highest common factor of 82417 and 1971.
73
Calculate the greatest common factor of 1113 and 378.
21
Calculate the highest common divisor of 318 and 18656.
106
Calculate the highest common factor of 9 and 493011.
9
Calculate the greatest common factor of 540 and 110420.
20
What is the greatest common divisor of 53123 and 133?
7
Calculate the highest common factor of 163582 and 1246.
178
What is the highest common divisor of 4303914 and 222?
222
Calculate the greatest common divisor of 34 and 1385585.
17
What is the highest common factor of 2 and 2803?
1
Calculate the greatest common factor of 15024518 and 1114.
1114
What is the greatest common factor of 105418 and 2?
2
Calculate the greatest common divisor of 4935 and 31913.
329
What is the highest common divisor of 1320 and 11520?
120
Calculate the highest common divisor of 4477802 and 4227.
1409
What is the greatest common factor of 147 and 28308?
21
Calculate the highest common factor of 1716 and 11388.
156
What is the highest common factor of 13340 and 30276?
116
Calculate the highest common factor of 4758 and 2080.
26
Calculate the highest common divisor of 162409 and 21125.
169
Calculate the highest common factor of 640 and 2240.
320
What is the highest common divisor of 54 and 69066?
54
Calculate the highest common divisor of 4926 and 6.
6
Calculate the highest common divisor of 543 and 8869.
181
Calculate the highest common divisor of 1785 and 2226.
21
Calculate the highest common factor of 103592 and 1472.
184
Calculate the highest common factor of 308125 and 7225.
425
What is the highest common divisor of 12225 and 225?
75
What is the greatest common factor of 42 and 965384?
14
What is the highest common factor of 2 and 87946?
2
What is the greatest common factor of 24871 and 3003?
77
What is the greatest common factor of 2345 and 1051967?
469
What is the greatest common factor of 46 and 111113?
23
Calculate the greatest common divisor of 16040 and 90626.
802
What is the highest common factor of 38876 and 12?
4
Calculate the highest common factor of 357 and 10217.
17
Calculate the highest common divisor of 1728 and 34533.
27
Calculate the highest common divisor of 3435 and 24.
3
What is the highest common divisor of 198077 and 11?
11
What is the greatest common divisor of 1800 and 1697800?
200
Calculate the greatest common divisor of 3195 and 1935.
45
Calculate the greatest common factor of 8460 and 3.
3
What is the greatest common divisor of 585226 and 106?
106
Calculate the greatest common divisor of 36550 and 370.
10
What is the highest common divisor of 899147 and 454?
227
Calculate the greatest common factor of 180 and 865440.
180
Calculate the highest common factor of 94040 and 120.
40
What is the highest common factor of 21 and 31893?
3
What is the highest common divisor of 3986 and 2?
2
Calculate the highest common divisor of 44689 and 268.
67
What is the highest common divisor of 4142688 and 66?
66
Calculate the highest common factor of 19282 and 6.
2
Calculate the highest common factor of 2552 and 1408.
88
What is the highest common factor of 305 and 62464?
61
What is the greatest common factor of 210102 and 76?
38
What is the highest common factor of 29503 and 362?
181
What is the greatest common factor of 350911 and 23?
23
Calculate the highest common factor of 227148 and 690.
138
Calculate the greatest common divisor of 256 and 10.
2
Calculate the greatest common factor of 644 and 36547.
161
What is the greatest common divisor of 17892 and 4788?
252
Calculate the greatest common divisor of 425162 and 47.
47
What is the greatest common divisor of 6 and 6012?
6
What is the greatest common factor of 3160 and 9320?
40
Calculate the highest common factor of 15816 and 1404.
12
Calculate the greatest common factor of 69 and 21367.
23
What is the highest common factor of 39 and 1146639?
39
Calculate the highest common divisor of 47 and 172396.
47
What is the highest common divisor of 722 and 18202?
38
What is the greatest common factor of 54 and 1040742?
54
Calculate the highest common factor of 30 and 152430.
30
What is the highest common divisor of 1087777 and 1282?
641
What is the highest common divisor of 5535 and 59245?
205
What is the highest common divisor of 6262 and 2626?
202
What is the greatest common factor of 19 and 115273?
19
Calculate the greatest common factor of 690160 and 10.
10
What is the highest common factor of 121 and 154517?
121
Calculate the greatest common factor of 14 and 876869.
7
Calculate the greatest common divisor of 17766 and 1134.
378
Calculate the greatest common factor of 3432 and 27984.
264
Calculate the greatest common divisor of 9267 and 15.
3
What is the greatest common factor of 192 and 14528?
64
What is the highest common factor of 5947 and 76?
19
Calculate the greatest common divisor of 32 and 1623696.
16
Calculate the greatest common factor of 540075 and 950